s the greatest common divisor of 9 and r?
3
Suppose 3*d - 5*k - 6 = 0, 33*d - 9 = 32*d + 4*k. Let l be 1/d + 1515/9. Calculate the greatest common divisor of l and 14.
14
Let r(x) = -6*x**3 - 34*x**2 - 436*x + 5. Let i be r(-15). Calculate the highest common divisor of 35 and i.
35
Suppose 5 = r - 8. Let c be 264/22*8/3. Suppose c = -3*g + 188. What is the greatest common factor of r and g?
13
Suppose -522 - 42213 = -21*p. What is the greatest common factor of 11 and p?
11
Let p = -11928 - -13753. Calculate the highest common divisor of p and 100.
25
Let d = 27 + -27. Let k be 6/((d - -4)/8). Let r be (9 + 504/(-40))/((-6)/200). Calculate the highest common divisor of r and k.
12
Let z(k) = 2*k + 2. Let w(l) = 4*l - 268. Let c(b) = w(b) + 3*z(b). Let p be c(27). What is the highest common factor of p and 212?
4
Let o be ((-64)/24)/(1/63). Let g = o - -240. Let f = g - 63. What is the highest common divisor of 6 and f?
3
Let u(r) = 3*r**2 + r + 20. Let l(j) = 9*j**2 + 5*j + 60. Let f(z) = 3*l(z) - 8*u(z). Let s be f(-5). Calculate the greatest common divisor of 135 and s.
15
Suppose 12*k - 232 = 632. Suppose -x = -y - 167, -3*x - 4*y + 450 = -k. What is the greatest common divisor of x and 5?
5
Let s be 5/120*6*-4. Let u(c) = -14*c**3 - c**2 - 2*c - 2. Let p be u(s). What is the greatest common factor of 247 and p?
13
Suppose 4*n + 11 + 17 = 0. Let t be ((n - -16) + -2)*(-24)/(-14). Let s(i) = -9*i + 3. Let d be s(-3). What is the greatest common divisor of d and t?
6
Let j = 51 - 39. Suppose -608 = j*q - 16*q. Let d = 44 + -25. What is the greatest common divisor of q and d?
19
Let m(i) = -i + 7. Let j be m(-6). Suppose 3*r - 46 = -5*k + r + 96, 0 = -4*r + 24. What is the greatest common factor of j and k?
13
Let n(i) = -i**2 + 76*i + 430. Let x be n(81). Calculate the greatest common divisor of 5 and x.
5
Let f(q) = -q**3 + 42*q**2 - 318*q + 45. Let y be f(24). What is the greatest common factor of 18 and y?
9
Suppose -5*x + 4*t = -1492, 5*t - 577 = -0*x - 2*x. Let w = x + -230. Calculate the highest common divisor of 22 and w.
22
Let j = -441 - -453. Suppose 23 = 3*u + 5*c, -14*u + j*u + 4*c + 8 = 0. Calculate the greatest common divisor of 498 and u.
6
Let v(z) = z + 7. Suppose 16*q - 18 = 7*q. Let x be v(q). What is the highest common factor of 81 and x?
9
Let g(m) = -m**2 + 34*m + 825. Let i be g(48). What is the highest common factor of i and 369?
9
Let m be 124*(28/16)/7. Suppose 441 = -10*p + m*p. What is the highest common factor of p and 3?
3
Let q be 16/40 + -6398*(-10)/50. What is the highest common divisor of q and 10?
10
Let d(z) = -43*z - 2. Let r be d(-2). Let a be ((-2)/(-3))/((-748)/r - -9). Let w = 61 - -2. Calculate the highest common divisor of a and w.
7
Let u be 35/315 + (-3220)/(-18). Suppose 5*d + 14 = u. Calculate the highest common factor of 11 and d.
11
Let n(d) = -d**2 + d + 12. Let k be n(5). Let m = k + 71. Let h = 131 + -89. Calculate the highest common divisor of h and m.
21
Suppose -6*p = 142 - 586. Suppose 13*x + 487 = 3854. What is the highest common divisor of p and x?
37
Suppose 12*o - 7610 - 739 = -1185. Calculate the greatest common divisor of 3 and o.
3
Let g(d) = 473*d - 15517. Let c be g(33). Calculate the greatest common factor of 1242 and c.
46
Let f be 19637 + 5*(224/(-40) - -7). What is the greatest common divisor of f and 12?
12
Suppose -1704*m = 883*m + 68*m - 126*m - 121392. Let v be (0 - 8)/(4/(-174)). Calculate the highest common divisor of m and v.
12
Let i = -266 + 27. Let n be (-30)/6 - (9 + i). Calculate the greatest common divisor of n and 9.
9
Suppose 89*n + 2 = 87*n. Let z = 19 - n. Calculate the greatest common divisor of z and 70.
10
Let y = -10988 + 11856. What is the highest common factor of y and 252?
28
Let r = 131160 + -85673. Calculate the greatest common divisor of 13 and r.
13
Let j(q) = 110*q - 646. Let a be j(6). What is the highest common divisor of a and 4886?
14
Let m(r) = -6*r**3 - 41*r**2 - 8*r + 15. Let h be m(-8). Calculate the greatest common factor of h and 340.
17
Suppose -9*f - 16*f = -375. What is the highest common divisor of f and 3840?
15
Suppose -5*w + 4*n = -86, 2*w - 4*n = 6*w - 76. Suppose -9*o - w = -12*o. Let y be (-12)/(-18) + 158/o. Calculate the greatest common factor of y and 3.
3
Let l be (3 - -8212) + (7 - -2). Calculate the greatest common factor of l and 32.
32
Suppose 59*f - 35*f + 44*f = 34816. Calculate the highest common divisor of 80 and f.
16
Let o be (6/(4/(-2)))/(24/(-288)). Suppose -i = -3*i - 34. Let h = i - -21. What is the greatest common factor of o and h?
4
Let d(q) = -4*q**3 - 15*q**2 - 24*q - 68. Let b be d(-6). Calculate the greatest common factor of 5800 and b.
200
Let s = -93 + 213. Let g = s - 116. Suppose 60 = -3*i + g*i. What is the greatest common factor of i and 24?
12
Suppose 0 = -3*n + 51 + 72. Let c = n + -7. Suppose -17491 = -111*b + 8927. Calculate the highest common factor of c and b.
34
Suppose -20 = -2*t + 24. Calculate the greatest common divisor of t and 352.
22
Let b(s) = -s**3 + 41 - 29*s - 32*s - 6*s + 18*s**2. Let n be b(13). What is the greatest common factor of 3 and n?
3
Suppose -3*u = n - 634, -3148*u + 3150*u = -n + 424. Calculate the greatest common divisor of 5565 and u.
105
Let g(m) = 14*m**2 - 66*m + 638. Let k be g(12). What is the greatest common divisor of k and 190?
38
Let a = 0 - 2. Let j = 1 - a. Suppose -31*r + 29*r = -102. What is the highest common factor of j and r?
3
Let z = 17408 + -12214. Calculate the greatest common divisor of 530 and z.
106
Let h = 15734 - 15692. Suppose 571 = u + 193. Calculate the greatest common factor of h and u.
42
Suppose 3*a + u = 37, -28 = -2*a - 8*u + 4*u. Suppose 0 = a*t - 9 - 39. Let r be 105 + (t + -4 + 0)/1. What is the greatest common divisor of r and 42?
21
Suppose -4*h - 5*x = -5401, 7*x - 4052 = -3*h + 3*x. What is the greatest common factor of h and 320?
64
Let d(y) = -12*y + 175. Let g be 3 + -1 - (16 - 14). Let i be d(g). What is the greatest common factor of i and 35?
35
Suppose 21 = k - 3*c, -k - 3*k = 2*c - 28. Let p = 685 + -275. Suppose -5*u - a = -p, -3*u - 3*a = -108 - 150. What is the greatest common factor of k and u?
9
Suppose -433*i + 425 = -428*i. Let w = 19 + i. What is the highest common divisor of 88 and w?
8
Let x = 7812 + -7776. Let l be 35 - 1/1*-1. Suppose l = -2*j + 4*j. Calculate the highest common divisor of x and j.
18
Let q(a) = -a**3 - 5*a**2 - 3*a. Let l be q(-4). Let i = -3198 + 3203. Let s = l + i. Calculate the highest common factor of s and 4.
1
Suppose -2*j + 17 = 3. Let w be 87/(-11*(-3)/77). What is the highest common factor of j and w?
7
Suppose 3*o - 16 = 14. Suppose 0 = -1961*i + 1952*i - 75 + 705. Calculate the greatest common factor of o and i.
10
Suppose -1507*z + 1495*z = -37668. Calculate the highest common factor of z and 73.
73
Suppose -9*f = -787 - 1103. Suppose -605 = 4*l - 181. Let s = l + f. What is the greatest common factor of s and 13?
13
Suppose 285*g = 73*g - 38*g + 7000. What is the greatest common factor of g and 16982?
14
Let d(h) = 3*h + 281. Let y be d(25). Suppose 2*s = 6*s + 5*z - y, -176 = -2*s - 2*z. Calculate the highest common divisor of s and 1764.
84
Let v = 688 + -481. Calculate the highest common factor of 234 and v.
9
Let g(d) = -8*d + 9474. Let k be g(-5). Calculate the greatest common factor of k and 426.
142
Let q(p) = 70*p + 2047. Let h be q(-29). What is the highest common factor of h and 1564?
17
Let v = 4 - -9. Suppose 5*d - 2*d = 141. Let t = d + -21. Calculate the highest common factor of t and v.
13
Suppose -4*p + 76 = 2*t, t + 1 - 19 = -p. Let d be (10/p)/((-534)/(-536) + -1). Let a = 344 + d. Calculate the highest common factor of 30 and a.
30
Suppose 620 = -92*b + 97*b. Calculate the highest common divisor of 22 and b.
2
Let b = -3310 + 3474. Calculate the greatest common divisor of b and 1312.
164
Let z = -57 - -609. Let u = -95 + 119. What is the greatest common divisor of u and z?
24
Let a be 28/182 + 105/(-39)*-7. Suppose -g - 62 = -3*x, -2*x - 2*x - g + 71 = 0. What is the highest common factor of x and a?
19
Suppose 3162 = 18*u - 5694. Calculate the greatest common factor of 42 and u.
6
Let n = 484 + -448. Calculate the greatest common factor of 123 and n.
